hat is the greatest common factor of 16 and 808?
8
What is the greatest common divisor of 777 and 666?
111
What is the greatest common factor of 144 and 17676?
36
Calculate the greatest common divisor of 27 and 27.
27
What is the greatest common factor of 33996 and 12?
12
What is the highest common divisor of 15 and 20?
5
What is the greatest common factor of 53 and 2?
1
Calculate the greatest common factor of 884 and 637.
13
Calculate the greatest common factor of 33 and 11.
11
Calculate the highest common factor of 99 and 1859.
11
What is the greatest common factor of 124 and 527?
31
What is the greatest common divisor of 3139 and 172?
43
Calculate the greatest common divisor of 20 and 28540.
20
Calculate the highest common factor of 4117 and 1074.
179
What is the greatest common divisor of 390 and 30?
30
Calculate the highest common factor of 6157 and 47.
47
Calculate the highest common divisor of 58 and 2494.
58
What is the greatest common factor of 3380 and 25?
5
What is the highest common divisor of 6666 and 66?
66
Calculate the greatest common factor of 77 and 33.
11
Calculate the highest common factor of 22 and 682.
22
What is the highest common factor of 7111 and 52?
13
Calculate the greatest common divisor of 532 and 28.
28
What is the greatest common factor of 9 and 1629?
9
Calculate the greatest common divisor of 10 and 1420.
10
Calculate the greatest common factor of 7 and 20321.
7
Calculate the highest common factor of 14 and 42.
14
What is the highest common divisor of 182 and 4082?
26
Calculate the highest common divisor of 51616 and 16.
16
What is the highest common divisor of 90 and 135?
45
What is the highest common factor of 230 and 138?
46
What is the greatest common factor of 215 and 172?
43
What is the greatest common factor of 26 and 5174?
26
Calculate the highest common divisor of 99 and 657.
9
What is the highest common factor of 37 and 7289?
37
What is the highest common divisor of 222 and 12?
6
Calculate the highest common factor of 160 and 192.
32
What is the greatest common divisor of 695 and 5?
5
What is the highest common divisor of 13 and 481?
13
What is the greatest common factor of 187 and 143?
11
What is the greatest common factor of 544 and 1888?
32
What is the highest common factor of 114 and 24?
6
What is the highest common factor of 84 and 798?
42
What is the highest common divisor of 10065 and 427?
61
Calculate the highest common divisor of 252 and 144.
36
Calculate the highest common factor of 39 and 65.
13
Calculate the greatest common divisor of 2088 and 288.
72
Calculate the greatest common divisor of 724 and 15023.
181
Calculate the greatest common factor of 902 and 3936.
82
What is the greatest common factor of 56 and 80?
8
What is the greatest common factor of 286 and 312?
26
Calculate the greatest common divisor of 312 and 1326.
78
What is the highest common factor of 88 and 1353?
11
What is the highest common divisor of 3 and 11?
1
What is the greatest common factor of 160 and 112?
16
Calculate the greatest common factor of 40 and 1420.
20
Calculate the greatest common divisor of 106 and 371.
53
Calculate the greatest common divisor of 273 and 728.
91
What is the greatest common divisor of 112 and 2968?
56
What is the greatest common divisor of 149 and 1043?
149
Calculate the greatest common divisor of 882 and 2772.
126
What is the highest common divisor of 128 and 432?
16
Calculate the greatest common divisor of 84 and 4228.
28
Calculate the highest common factor of 65 and 2249.
13
Calculate the greatest common factor of 136 and 1564.
68
What is the greatest common factor of 207 and 575?
23
Calculate the highest common divisor of 77 and 187.
11
What is the highest common factor of 2224 and 48?
16
Calculate the highest common factor of 3775 and 1057.
151
Calculate the greatest common factor of 310 and 558.
62
Calculate the greatest common factor of 247 and 897.
13
What is the greatest common factor of 123 and 204?
3
What is the highest common factor of 27 and 6?
3
What is the highest common divisor of 26 and 13?
13
Calculate the greatest common factor of 672 and 189.
21
What is the highest common divisor of 3 and 137?
1
Calculate the greatest common factor of 14 and 1498.
14
Calculate the greatest common factor of 157 and 17.
1
Calculate the highest common divisor of 108 and 135.
27
Calculate the highest common divisor of 413 and 539.
7
Calculate the greatest common divisor of 68 and 306.
34
What is the greatest common divisor of 2 and 334?
2
What is the highest common divisor of 15 and 25?
5
What is the highest common divisor of 56 and 35?
7
What is the highest common factor of 602 and 49?
7
What is the highest common factor of 510 and 60?
30
What is the greatest common factor of 6258 and 420?
42
What is the highest common divisor of 19 and 437?
19
What is the greatest common divisor of 32 and 208?
16
What is the greatest common divisor of 11 and 1892?
11
What is the greatest common factor of 7505 and 95?
95
Calculate the highest common factor of 14 and 350.
14
Calculate the highest common divisor of 160 and 480.
160
Calculate the greatest common factor of 100 and 3640.
20
Calculate the greatest common divisor of 676 and 143.
13
Calculate the greatest common factor of 63 and 117.
9
What is the greatest common factor of 99 and 657?
9
What is the greatest common divisor of 476 and 34?
34
Calculate the highest common factor of 105 and 6495.
15
Calculate the greatest common factor of 1357 and 69.
23
What is the greatest common factor of 46 and 69?
23
Calculate the highest common factor of 10 and 610.
10
Calculate the greatest common factor of 34 and 289.
17
Calculate the greatest common factor of 36 and 954.
18
What is the greatest common factor of 70 and 1?
1
What is the greatest common factor of 4 and 34?
2
Calculate the highest common divisor of 50 and 54475.
25
What is the greatest common factor of 356 and 623?
89
Calculate the highest common divisor of 1 and 100.
1
Calculate the greatest common divisor of 620 and 40.
20
What is the highest common factor of 2 and 75?
1
What is the highest common factor of 156 and 168?
12
What is the highest common divisor of 1370 and 20?
10
What is the highest common divisor of 332 and 2075?
83
What is the greatest common divisor of 752 and 16?
16
Calculate the highest common factor of 512 and 176.
16
What is the greatest common divisor of 430 and 100?
10
What is the greatest common divisor of 189 and 351?
27
Calculate the highest common factor of 1079 and 1992.
83
Calculate the greatest common factor of 48 and 42.
6
Calculate the highest common divisor of 7 and 81.
1
Calculate the greatest common factor of 145 and 14732.
29
Calculate the highest common factor of 2988 and 828.
36
Calculate the greatest common divisor of 66 and 7964.
22
What is the highest common factor of 3 and 303?
3
What is the greatest common divisor of 2990 and 23?
23
Calculate the highest common factor of 113824 and 32.
32
What is the highest common divisor of 3357 and 9?
9
Calculate the highest common divisor of 2013 and 528.
33
What is the greatest common factor of 16897 and 554?
277
What is the greatest common divisor of 2489 and 703?
19
What is the highest common factor of 3618 and 1005?
201
Calculate the highest common factor of 26 and 5707.
13
Calculate the greatest common divisor of 791 and 7.
7
Calculate the greatest common factor of 18 and 27.
9
Calculate the greatest common divisor of 2171 and 39.
13
Calculate the greatest common factor of 7766 and 55.
11
Calculate the greatest common divisor of 418 and 342.
38
What is the highest common factor of 2163 and 987?
21
Calculate the greatest common factor of 102 and 51.
51
Calculate the greatest common factor of 45 and 240.
15
Calculate the greatest common divisor of 352 and 902.
22
Calculate the greatest common divisor of 85 and 272.
17
Calculate the highest common divisor of 2373 and 63.
21
What is the highest common divisor of 54 and 108?
54
What is the highest common factor of 1 and 23?
1
What is the greatest common factor of 58 and 42224?
58
Calculate the highest common divisor of 2050 and 50.
50
What is the greatest common factor of 24 and 27600?
24
Calculate the highest common divisor of 219 and 73.
73
Calculate the highe